{"id":3572,"date":"2017-02-17T14:21:58","date_gmt":"2017-02-17T20:21:58","guid":{"rendered":"http:\/\/diocesisdeyoro.com\/blog\/?page_id=3572"},"modified":"2025-06-04T10:31:34","modified_gmt":"2025-06-04T16:31:34","slug":"oraciones","status":"publish","type":"page","link":"https:\/\/diocesisdeyoro.com\/blog\/?page_id=3572","title":{"rendered":"Biograf\u00eda de Obispos y Sacerdotes de la Di\u00f3cesis"},"content":{"rendered":"\n<ol class=\"wp-block-list\">\n<li><a href=\"https:\/\/diocesisdeyoro.com\/blog\/?page_id=3313\">Monse\u00f1or H\u00e9ctor David Garc\u00eda Osorio<\/a><\/li>\n\n\n\n<li><strong><a href=\"https:\/\/diocesisdeyoro.com\/blog\/?p=26124\">Jes\u00fas Sariego S.J<\/a><\/strong><\/li>\n\n\n\n<li><a href=\"https:\/\/diocesisdeyoro.com\/blog\/?p=26211\"><strong>Jos\u00e9 M\u00e1rtir Galeano Almendares S.D<\/strong><\/a><\/li>\n\n\n\n<li><strong><a href=\"https:\/\/diocesisdeyoro.com\/blog\/?p=26229\">Cristian Franco S.D<\/a><\/strong><\/li>\n\n\n\n<li><strong><a href=\"https:\/\/diocesisdeyoro.com\/blog\/?p=26328\">Andr\u00e9s Colindres Ortega S.D<\/a><\/strong><\/li>\n\n\n\n<li><strong><a href=\"https:\/\/diocesisdeyoro.com\/blog\/?p=27046\">Edilberto Barahona Mart\u00ednez <\/a><\/strong><\/li>\n<\/ol>\n\n\n\n<p><\/p>\n","protected":false},"excerpt":{"rendered":"","protected":false},"author":1,"featured_media":0,"parent":0,"menu_order":8,"comment_status":"closed","ping_status":"closed","template":"","meta":{"_themeisle_gutenberg_block_has_review":false,"footnotes":""},"class_list":["post-3572","page","type-page","status-publish","hentry"],"_links":{"self":[{"href":"https:\/\/diocesisdeyoro.com\/blog\/index.php?rest_route=\/wp\/v2\/pages\/3572","targetHints":{"allow":["GET"]}}],"collection":[{"href":"https:\/\/diocesisdeyoro.com\/blog\/index.php?rest_route=\/wp\/v2\/pages"}],"about":[{"href":"https:\/\/diocesisdeyoro.com\/blog\/index.php?rest_route=\/wp\/v2\/types\/page"}],"author":[{"embeddable":true,"href":"https:\/\/diocesisdeyoro.com\/blog\/index.php?rest_route=\/wp\/v2\/users\/1"}],"replies":[{"embeddable":true,"href":"https:\/\/diocesisdeyoro.com\/blog\/index.php?rest_route=%2Fwp%2Fv2%2Fcomments&post=3572"}],"version-history":[{"count":14,"href":"https:\/\/diocesisdeyoro.com\/blog\/index.php?rest_route=\/wp\/v2\/pages\/3572\/revisions"}],"predecessor-version":[{"id":27221,"href":"https:\/\/diocesisdeyoro.com\/blog\/index.php?rest_route=\/wp\/v2\/pages\/3572\/revisions\/27221"}],"wp:attachment":[{"href":"https:\/\/diocesisdeyoro.com\/blog\/index.php?rest_route=%2Fwp%2Fv2%2Fmedia&parent=3572"}],"curies":[{"name":"wp","href":"https:\/\/api.w.org\/{rel}","templated":true}]}}